n factor of h and 212?
53
Let t = -2 + -263. Let m = -257 - t. What is the highest common factor of m and 18?
2
Let m(p) = 4*p**3 - 9*p**2 + 16*p - 279. Let x be m(9). What is the highest common factor of 152 and x?
76
Let f(a) = 3*a**2 + 8*a - 7. Suppose 17 - 11 = -3*u. Let n be 5/4 - u - 3/12. Let z be f(n). Calculate the highest common divisor of 176 and z.
44
Let v = -15 + 55. Let j = -14400 + 14440. What is the highest common factor of v and j?
40
Suppose -12*q + 72 = -16*q. Let t be -6*(-69)/q*-20. Calculate the highest common divisor of 23 and t.
23
Suppose 1827 = -5*v + 14*v. Let s be (-4)/(-6)*(3 + v + -2). Calculate the highest common factor of 17 and s.
17
Let n = -16 + 60. Let q be 1/((n/208)/11). Calculate the greatest common divisor of q and 39.
13
Suppose 237 = 2*d + 5*s + 83, -281 = -3*d + 5*s. What is the greatest common divisor of d and 1421?
29
Let a = 45 + -12. Let b be (-1)/(-3) - 671/a. Let g = b + 34. What is the highest common divisor of g and 35?
7
Suppose -42 = -r - n, -2*r = 2*r + 3*n - 169. Suppose -h + 15 = 5*q - r, -h = q - 10. Calculate the greatest common divisor of 9 and q.
3
Let z(o) be the third derivative of -53*o**4/24 + 35*o**3/6 - 37*o**2 - 2*o. Let w be z(-5). Calculate the highest common divisor of w and 120.
60
Let h be (-19581)/(-87) - 102/1479. Let o(z) = z**2 + 15*z + 14. Let q be o(-14). Suppose 25 = m - q*m. Calculate the highest common factor of h and m.
25
Let h be 3/(-33) + ((-3792)/11)/(-8). Calculate the highest common divisor of 4601 and h.
43
Let i be (20420/90 - -11) + (-1)/(-9). Calculate the highest common factor of 51 and i.
17
Let y = -23760 + 23775. Let h be 26/2 + (-4)/(-2). Calculate the highest common factor of y and h.
15
Let s be 0/3*1 - -2. Suppose 8*l - 4*l - 242 = s*i, 3*i = 5*l - 304. Let h = l + -49. What is the greatest common divisor of 2 and h?
2
Suppose 497*v - 489*v = 7440. What is the greatest common divisor of 651 and v?
93
Let r be (-90)/40*(5 - 426/18)*14. What is the greatest common factor of 108 and r?
12
Suppose 10*d - 262 = -32. Suppose -o + 5*k + d = 0, -3*o = -6*o + k - 1. Let w be -1 - (2 + 2 + 40/o). Calculate the greatest common factor of w and 165.
15
Let g be (27/4)/(1261/416 + -3). Suppose -8*v = -200 + 72. What is the highest common factor of g and v?
8
Suppose -1487 = -2*w + 5*q, 3*q + 873 = 3*w - 1335. Let m(j) = -j**3 + 9*j**2 + 3*j + 16. Let s be m(9). Calculate the highest common divisor of w and s.
43
Let w(a) = -a**2 + 35*a + 8. Let g be w(-11). Let v = -148 - g. Let p = 74 - 39. Calculate the greatest common divisor of v and p.
35
Suppose 177*m - 181*m = 3*w + 15, -4*w = -m - 18. Calculate the highest common factor of w and 81.
3
Let k be (3/(-6))/((-4)/232). Let u = -133 - -198. Let g = 94 - u. Calculate the greatest common divisor of g and k.
29
Let a = 44 - 38. Suppose 0 = -7*c + 4*c + a. Suppose -46 + 369 = 3*d - 4*x, c*d - 218 = 4*x. What is the greatest common factor of 21 and d?
21
Let k(o) = 2*o**2 - 18*o + 2. Let c be k(9). Let y be (-10)/(-30)*298 - c/(-3). Calculate the highest common divisor of y and 260.
20
Suppose -6*d = -16*d + 40. Let o be (6/(-15))/(d/20)*-33. Let w = o + -42. What is the greatest common divisor of w and 264?
24
Suppose 3*t + t + 5*f - 21 = 0, -17 = -3*t - 5*f. Let r(y) = 13*y - 34. Let k be r(6). What is the greatest common factor of k and t?
4
Suppose 0 = -d - 2*y + 2, 15 = 4*d + 28*y - 27*y. Let u = 2 - 2. Suppose -2*v - d*v + 1260 = u. What is the highest common factor of 14 and v?
14
Suppose 16 = -3*n - 5. Let s = n - 87. Let u = s + 175. Calculate the highest common divisor of u and 9.
9
Suppose -5*y + 196 = -188 - 321. Calculate the highest common divisor of 3 and y.
3
Let z(w) = -6*w. Let h be z(-1). Let q(b) = -b**3 + b**2 + 2*b + 1. Let m be q(2). Let l be 44/m + (13 - 15). Calculate the highest common factor of h and l.
6
Let g be (1/(-2)*4 + 1/1)*-20. What is the greatest common factor of g and 1280?
20
Let j be ((-468)/(-273))/((-1219)/(-609) + -2). Calculate the greatest common divisor of j and 180.
36
Let t = 2115 + -534. Calculate the greatest common factor of t and 124.
31
Let c = -186 + 326. Let g = 438 + 295. Let q = 768 - g. What is the greatest common factor of q and c?
35
Let q be 4 + (-1 - 2) - -202. Let d = q - 16. Calculate the highest common divisor of d and 34.
17
Suppose 2*x - 75 = -3*x. Let g be (-846)/x - 6/(-15). Let w = -11 - g. Calculate the highest common divisor of w and 18.
9
Let a be (-348)/(-26)*(41 - 28). What is the highest common factor of a and 35148?
174
Suppose 0 = -3*v + 3*d + 99, 0 = -v + 5*d - d + 36. Let a be (2 + -3)*(2 + -2). Suppose a = q - 7 - 1. Calculate the highest common divisor of q and v.
8
Suppose 11*j + 114 = 14*j. Let l = -38 + j. Suppose 0*n - 5*n + 285 = l. What is the highest common factor of 38 and n?
19
Let n = 174 - 14. Let t be 1404/(-312)*(-1 + (-122)/6). Calculate the greatest common divisor of t and n.
32
Let g = 22951 - 22696. What is the highest common factor of 1290 and g?
15
Suppose 6*f - 113 = 265. Let y be 33 - ((-42)/(-1))/7. What is the greatest common divisor of y and f?
9
Let c be (-3)/(-2) - ((-8)/1 + 7011/(-2)). Calculate the greatest common divisor of 95 and c.
95
Let i be (-1674)/(-4)*(-188)/(-141). Calculate the greatest common factor of i and 682.
62
Let n(i) = -i**3 - 4*i**2 + 2*i - 12. Let t be n(-5). Suppose 0 = t*z - z - 60. Let j be ((-3)/2)/((-5)/z). What is the greatest common factor of j and 36?
9
Suppose -5*o - 5*g + 3185 = 0, -4*o + 5*g + 2695 - 165 = 0. Suppose -9*a + o = 365. Calculate the highest common factor of a and 260.
10
Let f(c) = -2*c**2 + 15*c + 1. Let s be f(-6). Let x = 181 + s. Calculate the greatest common factor of 380 and x.
20
Suppose j - 103 - 25 = 5*y, 5*j = -y + 484. Suppose -11*w = -w - 420. Calculate the highest common factor of j and w.
14
Suppose 3*j + 2*m - 2786 = 0, -1852 = -2159*j + 2157*j + 4*m. What is the highest common factor of 100 and j?
4
Suppose 0 = -14*x + 3339 - 147. What is the highest common divisor of 60 and x?
12
Let g(r) = r**2 + 4*r - 217. Let f be g(-17). Let i = -225 - -153. Let c = f - i. What is the highest common factor of 19 and c?
19
Let y = -14495 - -15039. What is the highest common divisor of y and 3944?
136
Let w = 1792 - 1085. Let o = 1011 - w. What is the highest common divisor of o and 95?
19
Let r be (-2)/(-3) - 75/(-9). Suppose 60 = 8*c - r*c. Let a be 7*(c/7)/(-2). Calculate the highest common factor of a and 15.
15
Let t be (-6*(-104)/64)/(5/(1022 - 2)). What is the highest common factor of t and 51?
51
Suppose 0 = -9*s + 12*s + 5*i - 43, -i = 4. Let q = s - -39. Calculate the highest common divisor of q and 260.
20
Suppose 6 = -p - q - 4*q, 2*q - 3 = 5*p. Let o be (-60 - -59)/(p/3). Calculate the highest common divisor of o and 12.
3
Let h = 3288 + -1543. Suppose -15*k + h = -1090. What is the highest common divisor of k and 315?
63
Let t(s) = -s**3 + 32*s**2 - 71*s - 285. Let d be t(26). Calculate the highest common divisor of 245 and d.
35
Let h = -6316 - -6406. Calculate the greatest common divisor of 2934 and h.
18
Let g(m) = -m**2 + 66*m - 949. Let o be g(31). Calculate the highest common factor of o and 374.
34
Let w(p) = -p**3 - 26*p**2 - 34*p + 30. Let z be w(-24). Let q be 10/65 - (z/39)/1. What is the greatest common divisor of 10 and q?
2
Let w(d) = 3*d - 8. Let m be (-4 - 5/1) + 0. Let t be w(m). Let v = -33 - t. Calculate the highest common divisor of v and 5.
1
Let w = -4 - 185. Let p = w + 199. Calculate the highest common divisor of 90 and p.
10
Let g(f) = -f**3 + 85*f**2 - 455*f + 133. Let o be g(32). Calculate the highest common divisor of 65 and o.
65
Let w(q) = 2*q**2 - 86*q + 1190. Let u be w(29). What is the greatest common divisor of 20538 and u?
126
Suppose -280 + 97 = -5*x + l, 5*x - 195 = -5*l. Suppose 31*q + 96 = x*q. What is the highest common divisor of q and 40?
8
Let t(l) = -20*l**2 - l + 1. Let y be t(4). Let q = y - -550. Suppose -9*f = -781 - q. What is the greatest common factor of 28 and f?
28
Suppose 1576 = 27*j - 611. What is the greatest common divisor of 720 and j?
9
Suppose c - q - 81 = 0, 8*q - 7*q = 3. Let n be 2849/c - (-2)/24. Calculate the greatest common factor of 34 and n.
34
Let f be 1*(63*322/546 - (